{"id":446,"date":"2023-02-02T20:18:54","date_gmt":"2023-02-02T20:18:54","guid":{"rendered":"https:\/\/pincelitos.co\/?page_id=446"},"modified":"2025-01-18T00:31:26","modified_gmt":"2025-01-18T00:31:26","slug":"noticias","status":"publish","type":"page","link":"https:\/\/pincelitos.co\/index.php\/noticias\/","title":{"rendered":"Noticias"},"content":{"rendered":"\t\t<div data-elementor-type=\"wp-page\" data-elementor-id=\"446\" class=\"elementor elementor-446\">\n\t\t\t\t\t\t<section class=\"elementor-section elementor-top-section elementor-element elementor-element-1f840c7 elementor-section-height-min-height elementor-section-boxed elementor-section-height-default elementor-section-items-middle\" data-id=\"1f840c7\" data-element_type=\"section\" data-settings=\"{&quot;background_background&quot;:&quot;classic&quot;}\">\n\t\t\t\t\t\t<div class=\"elementor-container elementor-column-gap-default\">\n\t\t\t\t\t<div class=\"elementor-column elementor-col-100 elementor-top-column elementor-element elementor-element-2e6dba6\" data-id=\"2e6dba6\" data-element_type=\"column\" data-settings=\"{&quot;background_background&quot;:&quot;classic&quot;}\">\n\t\t\t<div class=\"elementor-widget-wrap elementor-element-populated\">\n\t\t\t\t\t\t<div class=\"elementor-element elementor-element-ca2091f elementor-widget elementor-widget-heading\" data-id=\"ca2091f\" data-element_type=\"widget\" data-widget_type=\"heading.default\">\n\t\t\t\t<div class=\"elementor-widget-container\">\n\t\t\t\t\t<h2 class=\"elementor-heading-title elementor-size-default\">Noticias<\/h2>\t\t\t\t<\/div>\n\t\t\t\t<\/div>\n\t\t\t\t\t<\/div>\n\t\t<\/div>\n\t\t\t\t\t<\/div>\n\t\t<\/section>\n\t\t\t\t<section class=\"elementor-section elementor-top-section elementor-element elementor-element-6b8ec8f elementor-section-boxed elementor-section-height-default elementor-section-height-default\" data-id=\"6b8ec8f\" data-element_type=\"section\">\n\t\t\t\t\t\t<div class=\"elementor-container elementor-column-gap-default\">\n\t\t\t\t\t<div class=\"elementor-column elementor-col-50 elementor-top-column elementor-element elementor-element-1b6126d\" data-id=\"1b6126d\" data-element_type=\"column\">\n\t\t\t<div class=\"elementor-widget-wrap elementor-element-populated\">\n\t\t\t\t\t\t<div class=\"elementor-element elementor-element-9182f01 elementor-widget elementor-widget-image\" data-id=\"9182f01\" data-element_type=\"widget\" data-widget_type=\"image.default\">\n\t\t\t\t<div class=\"elementor-widget-container\">\n\t\t\t\t\t\t\t\t\t\t\t\t\t\t\t<img fetchpriority=\"high\" decoding=\"async\" width=\"576\" height=\"1024\" src=\"https:\/\/pincelitos.co\/wp-content\/uploads\/2024\/05\/Dia-del-maestro-576x1024.png\" class=\"attachment-large size-large wp-image-903\" alt=\"\" srcset=\"https:\/\/pincelitos.co\/wp-content\/uploads\/2024\/05\/Dia-del-maestro-576x1024.png 576w, https:\/\/pincelitos.co\/wp-content\/uploads\/2024\/05\/Dia-del-maestro-169x300.png 169w, https:\/\/pincelitos.co\/wp-content\/uploads\/2024\/05\/Dia-del-maestro-768x1365.png 768w, https:\/\/pincelitos.co\/wp-content\/uploads\/2024\/05\/Dia-del-maestro-864x1536.png 864w, https:\/\/pincelitos.co\/wp-content\/uploads\/2024\/05\/Dia-del-maestro.png 1080w\" sizes=\"(max-width: 576px) 100vw, 576px\" \/>\t\t\t\t\t\t\t\t\t\t\t\t\t\t\t<\/div>\n\t\t\t\t<\/div>\n\t\t\t\t<div class=\"elementor-element elementor-element-70d91c9 elementor-widget elementor-widget-text-editor\" data-id=\"70d91c9\" data-element_type=\"widget\" data-widget_type=\"text-editor.default\">\n\t\t\t\t<div class=\"elementor-widget-container\">\n\t\t\t\t\t\t\t\t\t<p>Gracias a cada una de nuestras maestras, por su esfuerzo y dedicaci\u00f3n d\u00eda tras d\u00eda en esta labor tan hermosa y especial. Bendecimos sus vidas y sus familias. <a href=\"https:\/\/www.canva.com\/design\/DAGFaCQoo-I\/5Bp-uF4xOOTSBOExVDe04A\/watch?utm_content=DAGFaCQoo-I&amp;utm_campaign=designshare&amp;utm_medium=link&amp;utm_source=editor\">Felicidades<\/a><\/p>\t\t\t\t\t\t\t\t<\/div>\n\t\t\t\t<\/div>\n\t\t\t\t\t<\/div>\n\t\t<\/div>\n\t\t\t\t<div class=\"elementor-column elementor-col-50 elementor-top-column elementor-element elementor-element-de7e4ae\" data-id=\"de7e4ae\" data-element_type=\"column\">\n\t\t\t<div class=\"elementor-widget-wrap elementor-element-populated\">\n\t\t\t\t\t\t<div class=\"elementor-element elementor-element-d993be0 elementor-widget elementor-widget-image\" data-id=\"d993be0\" data-element_type=\"widget\" data-widget_type=\"image.default\">\n\t\t\t\t<div class=\"elementor-widget-container\">\n\t\t\t\t\t\t\t\t\t\t\t\t\t\t\t<img decoding=\"async\" width=\"576\" height=\"1024\" src=\"https:\/\/pincelitos.co\/wp-content\/uploads\/2024\/05\/Mes-de-la-Madre-576x1024.png\" class=\"attachment-large size-large wp-image-904\" alt=\"\" srcset=\"https:\/\/pincelitos.co\/wp-content\/uploads\/2024\/05\/Mes-de-la-Madre-576x1024.png 576w, https:\/\/pincelitos.co\/wp-content\/uploads\/2024\/05\/Mes-de-la-Madre-169x300.png 169w, https:\/\/pincelitos.co\/wp-content\/uploads\/2024\/05\/Mes-de-la-Madre-768x1365.png 768w, https:\/\/pincelitos.co\/wp-content\/uploads\/2024\/05\/Mes-de-la-Madre-864x1536.png 864w, https:\/\/pincelitos.co\/wp-content\/uploads\/2024\/05\/Mes-de-la-Madre.png 1080w\" sizes=\"(max-width: 576px) 100vw, 576px\" \/>\t\t\t\t\t\t\t\t\t\t\t\t\t\t\t<\/div>\n\t\t\t\t<\/div>\n\t\t\t\t<div class=\"elementor-element elementor-element-83b8307 elementor-widget elementor-widget-text-editor\" data-id=\"83b8307\" data-element_type=\"widget\" data-widget_type=\"text-editor.default\">\n\t\t\t\t<div class=\"elementor-widget-container\">\n\t\t\t\t\t\t\t\t\t<p>\u00abSus hijos se levantan y la felicitan; tambi\u00e9n su esposo la alaba: \u00abMuchas mujeres han realizado proezas, pero t\u00fa las superas a todas\u00bb. \u00ab<br \/><span style=\"white-space-collapse: preserve;\">&#8211; Proverbios 31:28-29.<\/span><a href=\"https:\/\/www.canva.com\/design\/DAGFaPTYxWM\/cf5SABK4Gk_Sx9wMqN0N_Q\/watch?utm_content=DAGFaPTYxWM&amp;utm_campaign=designshare&amp;utm_medium=link&amp;utm_source=editor\"><span style=\"white-space-collapse: preserve;\">Feliz Mes de las Madres<\/span><\/a><\/p>\t\t\t\t\t\t\t\t<\/div>\n\t\t\t\t<\/div>\n\t\t\t\t\t<\/div>\n\t\t<\/div>\n\t\t\t\t\t<\/div>\n\t\t<\/section>\n\t\t\t\t<section class=\"elementor-section elementor-top-section elementor-element elementor-element-1ace98a elementor-section-boxed elementor-section-height-default elementor-section-height-default\" data-id=\"1ace98a\" data-element_type=\"section\">\n\t\t\t\t\t\t<div class=\"elementor-container elementor-column-gap-default\">\n\t\t\t\t\t<div class=\"elementor-column elementor-col-100 elementor-top-column elementor-element elementor-element-011171d\" data-id=\"011171d\" data-element_type=\"column\">\n\t\t\t<div class=\"elementor-widget-wrap elementor-element-populated\">\n\t\t\t\t\t\t<div class=\"elementor-element elementor-element-02622a3 elementor-widget elementor-widget-image\" data-id=\"02622a3\" data-element_type=\"widget\" data-widget_type=\"image.default\">\n\t\t\t\t<div class=\"elementor-widget-container\">\n\t\t\t\t\t\t\t\t\t\t\t\t\t\t\t<img decoding=\"async\" width=\"800\" height=\"800\" src=\"https:\/\/pincelitos.co\/wp-content\/uploads\/2024\/05\/Dia-de-la-Familia-1024x1024.png\" class=\"attachment-large size-large wp-image-902\" alt=\"\" srcset=\"https:\/\/pincelitos.co\/wp-content\/uploads\/2024\/05\/Dia-de-la-Familia-1024x1024.png 1024w, https:\/\/pincelitos.co\/wp-content\/uploads\/2024\/05\/Dia-de-la-Familia-300x300.png 300w, https:\/\/pincelitos.co\/wp-content\/uploads\/2024\/05\/Dia-de-la-Familia-150x150.png 150w, https:\/\/pincelitos.co\/wp-content\/uploads\/2024\/05\/Dia-de-la-Familia-768x768.png 768w, https:\/\/pincelitos.co\/wp-content\/uploads\/2024\/05\/Dia-de-la-Familia.png 1080w\" sizes=\"(max-width: 800px) 100vw, 800px\" \/>\t\t\t\t\t\t\t\t\t\t\t\t\t\t\t<\/div>\n\t\t\t\t<\/div>\n\t\t\t\t\t<\/div>\n\t\t<\/div>\n\t\t\t\t\t<\/div>\n\t\t<\/section>\n\t\t\t\t<section class=\"elementor-section elementor-top-section elementor-element elementor-element-ecc494f elementor-section-boxed elementor-section-height-default elementor-section-height-default\" data-id=\"ecc494f\" data-element_type=\"section\">\n\t\t\t\t\t\t<div class=\"elementor-container elementor-column-gap-default\">\n\t\t\t\t\t<div class=\"elementor-column elementor-col-100 elementor-top-column elementor-element elementor-element-3f43e1d\" data-id=\"3f43e1d\" data-element_type=\"column\">\n\t\t\t<div class=\"elementor-widget-wrap elementor-element-populated\">\n\t\t\t\t\t\t<section class=\"elementor-section elementor-inner-section elementor-element elementor-element-7b28411 elementor-section-boxed elementor-section-height-default elementor-section-height-default\" data-id=\"7b28411\" data-element_type=\"section\">\n\t\t\t\t\t\t<div class=\"elementor-container elementor-column-gap-default\">\n\t\t\t\t\t<div class=\"elementor-column elementor-col-50 elementor-inner-column elementor-element elementor-element-75a8318\" data-id=\"75a8318\" data-element_type=\"column\">\n\t\t\t<div class=\"elementor-widget-wrap elementor-element-populated\">\n\t\t\t\t\t\t<div class=\"elementor-element elementor-element-4ddb1f6 elementor-widget elementor-widget-image\" data-id=\"4ddb1f6\" data-element_type=\"widget\" data-widget_type=\"image.default\">\n\t\t\t\t<div class=\"elementor-widget-container\">\n\t\t\t\t\t\t\t\t\t\t\t\t\t\t\t<img loading=\"lazy\" decoding=\"async\" width=\"800\" height=\"800\" src=\"https:\/\/pincelitos.co\/wp-content\/uploads\/2024\/04\/1-1024x1024.png\" class=\"attachment-large size-large wp-image-890\" alt=\"\" srcset=\"https:\/\/pincelitos.co\/wp-content\/uploads\/2024\/04\/1-1024x1024.png 1024w, https:\/\/pincelitos.co\/wp-content\/uploads\/2024\/04\/1-300x300.png 300w, https:\/\/pincelitos.co\/wp-content\/uploads\/2024\/04\/1-150x150.png 150w, https:\/\/pincelitos.co\/wp-content\/uploads\/2024\/04\/1-768x768.png 768w, https:\/\/pincelitos.co\/wp-content\/uploads\/2024\/04\/1.png 1080w\" sizes=\"(max-width: 800px) 100vw, 800px\" \/>\t\t\t\t\t\t\t\t\t\t\t\t\t\t\t<\/div>\n\t\t\t\t<\/div>\n\t\t\t\t\t<\/div>\n\t\t<\/div>\n\t\t\t\t<div class=\"elementor-column elementor-col-50 elementor-inner-column elementor-element elementor-element-1cc7215\" data-id=\"1cc7215\" data-element_type=\"column\">\n\t\t\t<div class=\"elementor-widget-wrap elementor-element-populated\">\n\t\t\t\t\t\t<div class=\"elementor-element elementor-element-0e57695 elementor-widget elementor-widget-text-editor\" data-id=\"0e57695\" data-element_type=\"widget\" data-widget_type=\"text-editor.default\">\n\t\t\t\t<div class=\"elementor-widget-container\">\n\t\t\t\t\t\t\t\t\t<h5><span style=\"white-space-collapse: preserve;\">Un tesoro invaluable, la gema preciosa, la esperanza del mundo, el fruto de nuestro amor, la alegr\u00eda de nuestros corazones, el cari\u00f1o de Dios; todos estos atributos y mas son la expresi\u00f3n verdadera del cari\u00f1o por nuestros peque\u00f1os de Colombia. Bendecimos a cada ni\u00f1o y ni\u00f1a de nuestra naci\u00f3n. www.<\/span><span class=\"xv78j7m\" style=\"white-space-collapse: preserve;\" spellcheck=\"false\">Jard\u00edn Infant\u00edl Pincelitos<\/span><\/h5>\t\t\t\t\t\t\t\t<\/div>\n\t\t\t\t<\/div>\n\t\t\t\t\t<\/div>\n\t\t<\/div>\n\t\t\t\t\t<\/div>\n\t\t<\/section>\n\t\t\t\t\t<\/div>\n\t\t<\/div>\n\t\t\t\t\t<\/div>\n\t\t<\/section>\n\t\t\t\t<\/div>\n\t\t","protected":false},"excerpt":{"rendered":"<p>Noticias Gracias a cada una de nuestras maestras, por su esfuerzo y dedicaci\u00f3n d\u00eda tras d\u00eda en esta labor tan hermosa y especial. Bendecimos sus vidas y sus familias. Felicidades \u00abSus hijos se levantan y la felicitan; tambi\u00e9n su esposo la alaba: \u00abMuchas mujeres han realizado proezas, pero t\u00fa las superas a todas\u00bb. \u00ab&#8211; Proverbios [&hellip;]<\/p>\n","protected":false},"author":1,"featured_media":0,"parent":0,"menu_order":0,"comment_status":"closed","ping_status":"closed","template":"elementor_header_footer","meta":{"footnotes":""},"class_list":["post-446","page","type-page","status-publish","hentry"],"_links":{"self":[{"href":"https:\/\/pincelitos.co\/index.php\/wp-json\/wp\/v2\/pages\/446","targetHints":{"allow":["GET"]}}],"collection":[{"href":"https:\/\/pincelitos.co\/index.php\/wp-json\/wp\/v2\/pages"}],"about":[{"href":"https:\/\/pincelitos.co\/index.php\/wp-json\/wp\/v2\/types\/page"}],"author":[{"embeddable":true,"href":"https:\/\/pincelitos.co\/index.php\/wp-json\/wp\/v2\/users\/1"}],"replies":[{"embeddable":true,"href":"https:\/\/pincelitos.co\/index.php\/wp-json\/wp\/v2\/comments?post=446"}],"version-history":[{"count":62,"href":"https:\/\/pincelitos.co\/index.php\/wp-json\/wp\/v2\/pages\/446\/revisions"}],"predecessor-version":[{"id":1035,"href":"https:\/\/pincelitos.co\/index.php\/wp-json\/wp\/v2\/pages\/446\/revisions\/1035"}],"wp:attachment":[{"href":"https:\/\/pincelitos.co\/index.php\/wp-json\/wp\/v2\/media?parent=446"}],"curies":[{"name":"wp","href":"https:\/\/api.w.org\/{rel}","templated":true}]}}